 (-11175)/(-1043) + (-186)/(-14).
13
Let n(q) = -5*q**3 + 508*q**2 - 166*q - 232. What is the remainder when n(101) is divided by 252?
249
Let p = 3259 - 2505. Calculate the remainder when p is divided by 36.
34
Let w be 7 + 7 + (3 - 19). Calculate the remainder when 58 is divided by ((-308)/(-35) + w)/(2/10).
24
Let j = 593 - 591. What is the remainder when 19 + -7 - (3 - j) is divided by 4?
3
Suppose -15*j + 35*j + 12*j = 2208. Calculate the remainder when 589 is divided by j.
37
Suppose -2 - 30 = -o. Suppose 4*h = -l + 136, 0 = 3*l + 2*h - 2685 + 2227. What is the remainder when l is divided by o?
28
Let l(i) = 2*i**3 + 12*i**2 + 3*i + 22. Calculate the remainder when l(0) is divided by 3*((-1 - 1) + 133/21).
9
Suppose 11*s - 4*s = 0. Suppose -9*f + 14*f + 800 = s. Let i = -56 - f. Calculate the remainder when i is divided by 21.
20
Suppose 3*h + h = 468. Suppose 3*a + 22 = j, 4*a + 37 + h = 5*j. Suppose j*i - 426 = 28*i. What is the remainder when i is divided by 20?
11
Suppose -5*b - 5 = 5*f, 0 = 8*b - 10*b - 2. Suppose -j - 1 = f, x + 29 = 4*j + 203. Calculate the remainder when x is divided by 43.
41
Let d(m) = -m**2 - 37*m + 1391. What is the remainder when d(-52) is divided by 68?
67
Let f(j) = -15*j**2 + 4*j + 163. What is the remainder when f(0) is divided by 5?
3
Let a(x) = x**3 + 23*x**2 - 52*x - 40. Let h be a(-25). Let b(r) = -2*r**2 + 18*r + 50. Calculate the remainder when 178 is divided by b(h).
28
Let l = 1898 - 849. What is the remainder when l is divided by 32?
25
Suppose -173*g = -177*g + 1140. Suppose 2*t + d - 3*d - 294 = 0, g = 2*t + d. What is the remainder when t is divided by 30?
24
What is the remainder when 10369 is divided by (-60)/54 - 316/(-9)?
33
Let k = -1193 + 1387. Suppose -3*g = -3*f - 12, -g - 2*g + 5*f + 12 = 0. Let i(a) = 2*a**2 + 3*a + 5. What is the remainder when k is divided by i(g)?
47
Let k(o) be the third derivative of -o**6/120 + o**4/12 - 5*o**3/6 - 68*o**2. Calculate the remainder when 39 is divided by k(-3).
7
Let v be ((-5)/(-1))/((-3)/(-201)). Suppose 0 = 3*g - 110 + 53. Suppose 3*l - g = v. Calculate the remainder when l is divided by 17.
16
Suppose -n - 51 = -2*n. Let q(r) = 3*r**3 + 37*r**2 + 15*r + 32. Calculate the remainder when q(-3) is divided by n.
35
Calculate the remainder when (273/28)/((-3)/(-36)) is divided by (8505/20)/7 + 6/(-8).
57
Suppose 5*l + 40 = 10*l. Suppose -16*k + l*k + 328 = 0. Suppose -5*z + 90 = 3*c, z = c - 3*c + 25. Calculate the remainder when k is divided by z.
11
Suppose 5*c - 5*z + 1049 = -1176, -5*z = -5. Let p = 572 + c. Calculate the remainder when p is divided by 35.
23
Suppose -4*m + 2*v = -14, 5*m - 4*v = -8*v + 24. Suppose 5*z - m*t + 2*t = 112, 3*z - 64 = 2*t. Calculate the remainder when 236 is divided by z.
20
Let c be ((-25)/(-15) - 2/(-6)) + 78. Suppose 0*m = 2*m + 5*h - 40, 0 = 4*m + 3*h - c. Let r(t) = 7*t + 11. What is the remainder when r(m) is divided by 38?
37
Calculate the remainder when 310 is divided by -6*(2032/(-80) + 2 + (-63)/30).
4
Let w(c) = c**3 - 48*c**2 - 45*c - 178. Calculate the remainder when 34 is divided by w(49).
16
What is the remainder when 214 is divided by ((-300)/(-375))/(3*2/300)?
14
Calculate the remainder when 699 is divided by 7792/160*2 - (-6)/(-15).
20
Suppose -123*c + 85743 = 1734. Calculate the remainder when c is divided by 85.
3
Let d(s) = 2*s**2 + 3*s - 213. Let c = 701 + -714. What is the remainder when d(c) is divided by 7?
2
Let l(r) = -r**3 + 10*r**2 - 22*r - 8. Suppose -4*g + p + 24 = 6, 0 = 3*g - 3*p - 9. What is the remainder when 8 is divided by l(g)?
1
Suppose -45*u - 68*u - 4*u + 78156 = 0. What is the remainder when u is divided by 21?
17
Let i = 2 - 0. Suppose 6*r - 3*r + i*z = -10, 3*z + 15 = 4*r. Suppose -36 = -3*x - r*x. Calculate the remainder when 34 is divided by x.
10
Let u = -8 - -12. Suppose -9*k = -19*k + 210. What is the remainder when k is divided by -2*(-26)/u + -1?
9
Let l(w) = 690*w - 515. What is the remainder when l(1) is divided by 48?
31
Suppose -177*h - 117 = -178*h. Calculate the remainder when 255 is divided by h.
21
Let c = -372 + 383. Suppose 115 = 2*q - 3*t, -q + t - 4 = -64. Calculate the remainder when q is divided by c.
10
Let j(t) = 55 - t**3 + 40 + 16463*t - 16464*t. What is the remainder when j(0) is divided by 26?
17
Let d = 47 + -34. Suppose 3*n + 5*r - 13 = 0, 7*r - d = -2*n + 8*r. Let c(j) = j**3 - j + 53. What is the remainder when c(0) is divided by n?
5
Let r = -81 + 31. What is the remainder when (-3)/(-6)*194/1 is divided by ((-24)/20)/((-47)/r + -1)?
17
Let a(n) = n**3 - 5*n**2 - 14*n + 7. Let d be a(7). Let u be (-391)/d + 4/(-28). Let z = 57 + u. What is the remainder when 2 is divided by z?
0
Suppose 33*q = -24*q - 8454 + 40716. Calculate the remainder when q is divided by 63.
62
Suppose 3*l - 77*y - 378 = -81*y, -30 = -5*y. Calculate the remainder when 248 is divided by l.
12
Suppose 5*p + 2*u = 9*p - 31778, -u = -4*p + 31783. What is the remainder when p is divided by 25?
22
Suppose 0 = -6*k + 530 - 506. Let y(l) = 2*l**2 + 10*l - 18. Let a = 16 - 9. Calculate the remainder when y(k) is divided by a.
5
Let i(a) = 14*a**2 - 5*a + 1. Let r = 23 - 21. What is the remainder when 88 is divided by i(r)?
41
Suppose -3*z + 2*s + 1093 = 0, 3*s = -z + 6*s + 362. What is the remainder when z is divided by 8?
5
Let t(c) = -4*c**2 - 257*c + 525. What is the remainder when t(-66) is divided by 44?
19
Let b be 1 + (-4)/(-6) + (-8)/(-24). Calculate the remainder when 62 is divided by (-41 + 62)*1/2*b.
20
Let f(k) = -85*k - 4. Let i = -123 + 145. Calculate the remainder when f(-1) is divided by i.
15
Let h = -9348 + 10474. What is the remainder when h is divided by 74?
16
Suppose -13*r - 12*r + 450 = 0. Suppose -9*j - 9*j = -4176. Calculate the remainder when j is divided by r.
16
Suppose 4*s - 5*q = 830, 4*s - 37*q + 33*q = 836. Calculate the remainder when s is divided by 73.
69
What is the remainder when -4 + 8 + 120/(-28) + 14652/28 is divided by 91?
68
Let k = -90 + 118. Suppose 0 = 2*p - p, 0 = -j - 2*p - 14. Let y = k + j. Calculate the remainder when 39 is divided by y.
11
Suppose -9 = 9*p, -12*u + 68 = -8*u - 4*p. Let g(x) = 83*x**2 - x + 2. What is the remainder when g(2) is divided by u?
12
Let n(k) = -k**3 - 22*k**2 + 26*k + 83. Calculate the remainder when 67 is divided by n(-23).
11
Suppose -2*u + u - 21 = -4*o, -4*o + 18 = 2*u. Suppose 46 = 3*g - 5*j, o*g = -2*j - 3*j + 10. What is the remainder when 13*1 - (-2 + 5) is divided by g?
3
Let i(w) = 169*w**3 - 4*w**2 + 3*w + 2. Let x be i(2). Suppose 0 = -2*y + 18*y - x. What is the remainder when y is divided by 36?
12
Let b = 53768 + -53229. Suppose 2*x - 11 = -5*a + 19, -4*x = -5*a - 90. Calculate the remainder when b is divided by x.
19
Let l = 3140 + -3115. Calculate the remainder when 610 is divided by l.
10
Suppose -185*b = 174*b + 63*b - 427908. What is the remainder when b is divided by 40?
14
Let l(q) = 53*q**2 - 14*q + 17. Let v(m) = 50*m**2 - 15*m + 17. Let h(o) = -2*l(o) + 3*v(o). Calculate the remainder when 437 is divided by h(1).
41
Let z(k) = k**2 - 12*k. Let y be z(3). Let l = 30 + y. Suppose -l*g + 7 = -104. What is the remainder when 184 is divided by g?
36
Calculate the remainder when 1/3*(-4 - (2 + -3))*-499 is divided by 111.
55
Let d(j) = -j**3 - 25*j**2 - 29*j + 34. Let w be d(-24). Calculate the remainder when (220/w)/((-2)/(-392)) is divided by 71.
67
Let x be 11/33 + (-2)/6. Suppose 5*v + 0*v - 333 = -2*q, 2*v - 2*q - 122 = x. Let g = v - 18. What is the remainder when g is divided by 12?
11
Let c = -34 - -62. Suppose 0 = -56*w + 49*w + c. Calculate the remainder when 1/(2/(-92)*-2) is divided by w.
3
Suppose -4 = 40*d + 35*d - 76*d. Suppose 0 = -m - 5*w - 10, -2*m - 3*w - w + 4 = 0. Calculate the remainder when m is divided by d.
2
Calculate the remainder when (-134)/(-5) - 1/(-5) is divided by (-35)/(-3 - 2) - (-85)/(-17).
1
Let k(f) = 23*f - 1139. Calculate the remainder when (-557)/(-13) - 8/(-52) is divided by k(50).
10
Let j(q) = 23*q**2 - q + 2. Let h = -56 - -58. Let v be j(h). Suppose -3*r - c = -v, -2*r + 38 + 14 = -4*c. What is the remainder when r is divided by 11?
8
Suppose 778*d = 819*d - 1148. Calculate the remainder when 1696 is divided by d.
16
Let n(m) = 